*4/3 - r**3/3 + 13*r**2/2 - 11*r. Let s(y) = 6*f(y) - 13*p(y). Calculate s(-1).
-3
Let y be (1/(3/120))/1. Suppose -b + 4 = 0, -y = -5*i + b - 6*b. Let h(z) = -5*z + z + 7 + z**3 - 6*z**2 - 2*z + i*z. Calculate h(6).
-5
Let r(m) = 7*m**2 - 5*m - 2. Let t(l) = 4*l**2 - 3*l - 1. Let u(f) = -3*r(f) + 5*t(f). Suppose -h + 0*h - 11 = 4*v, 3*h + 4*v = -17. Determine u(h).
-8
Let o = -4 + 0. Let j be 1 - -10 - 4/2. Let n(g) = -j + 2 - 3*g + 4 + 6 - g**2. What is n(o)?
-1
Let a(k) = -k + 9. Let j(h) = h**3 - 5*h**2 + 4*h + 4. Let p be j(4). Calculate a(p).
5
Let c(r) = 44*r. Let b be -15 - -6 - 1*-8. Give c(b).
-44
Let s(p) be the second derivative of -p**6/120 - 7*p**5/60 - 7*p**4/24 + p**3/3 + 2*p**2 - 3*p. Let b(q) be the first derivative of s(q). Determine b(-6).
8
Suppose -49 + 44 = -g. Let q(j) = j**3 - 5*j**2 - 8*j + 7. What is q(g)?
-33
Let m(q) be the third derivative of -q**5/60 - q**4/6 + 2*q**3/3 + q**2 + 115. Let s(w) = 2*w - 1. Let r be s(2). What is m(r)?
-17
Let n(r) = 1 + 5*r + r + 0*r - 4*r. Let z(u) = -5*u**2 + 20*u - 17. Let j(w) = 2*w**2 - 7*w + 6. Let f(d) = 8*j(d) + 3*z(d). Let x be f(-5). Give n(x).
5
Suppose -3*c + 15 = -5*y - 6, 2*y + 3*c = -21. Let h(a) = -a**3 - 7*a**2 - 7*a - 8. Calculate h(y).
-2
Let a(x) = x - 11. Let u(n) = -n**3 + 10*n**2 + 30*n - 61. Let k be u(12). Give a(k).
0
Let q(n) be the second derivative of n**5/60 - 5*n**4/24 - n**3 + 11*n**2 + 22*n. Let w(a) be the first derivative of q(a). What is w(5)?
-6
Let o(a) be the first derivative of 3*a + 1/2*a**2 + 2. Let g(m) = 5*m**3 - 2*m - 1. Let h be g(-1). Give o(h).
-1
Let v(u) = -u**3 - u**2 + 3*u - 2. Suppose g = -2*g - 6, 5*a + 35 = -5*g. Let c(q) = -q**2 - q + 5. Let j be c(a). Let x be 2/j - (-32)/15. Calculate v(x).
-8
Let n(u) be the first derivative of -u**5/10 - u**3/6 - u**2/2 - 6*u + 7. Let b(q) be the first derivative of n(q). Let k be (-3)/2 - (-9)/18. What is b(k)?
2
Let a be 31 + ((-4)/2 - (-6)/2). Let t = 34 - a. Let q(x) = 2*x**3 - 2*x**2 + 3*x - 2. Give q(t).
12
Let n be 2*-5*1/2. Let w be (24/20*1)/((-5)/(-25)). Let h(c) = -3 - 2*c**3 - w*c**2 + 5*c**3 + 4 - 4*c - 4*c**3. Give h(n).
-4
Suppose d + 97 = 99. Let s(t) be the second derivative of -3*t - 1/2*t**3 + t**2 + 0. Determine s(d).
-4
Let l(g) be the first derivative of 6 + 1/2*g**2 - 2*g. What is l(2)?
0
Let v(f) = -f + 3. Let s be v(0). Let l(h) = -6*h**2 + 10*h**s - 2*h - 16*h**3 + 7*h**3 + 7. What is l(6)?
-5
Let p(t) = -t + t**2 - 7 + 28 - 18. What is p(2)?
5
Let x(v) = v + 1. Let z = -21 + 26. Let f(k) = -k. Let g(j) = z*x(j) + f(j). Calculate g(-5).
-15
Let p(b) = 2*b - 9. Let y be (-25)/(-3) + 42/63. Let s be (-128)/96*(y/(-2))/1. What is p(s)?
3
Suppose 23 = -4*g + 94*x - 93*x, 5*g - 5*x + 10 = 0. Let r(z) = z**2 + 9*z + 11. Give r(g).
-3
Let x(j) = j - 12 - 12 + 23. Let t(d) = d**3 + 3*d**2 - d + 3. Let l(m) = -t(m) + 2*x(m). Let b(p) = p**2 + 5*p + 2. Let c be b(-3). Give l(c).
-1
Let w(b) be the first derivative of b**3/3 + 2*b**2 + 4*b + 2. Let j be 504/20 + 1/(-5). Suppose -j = 5*o - 2*h + 3, -h - 8 = 3*o. Calculate w(o).
4
Let m(c) = -4 - c + 21 - 39 + 23. Let k = -2 - -1. Give m(k).
2
Let u(d) = 2*d**3 + d**2 + 4*d - 9. Let c(h) = 3*h**3 + h**2 + 7*h - 15. Let i(m) = 3*c(m) - 5*u(m). Suppose -2*z = -z + 3. What is i(z)?
6
Suppose 0 = -3*p + 2*i + 19, 0 = 4*p - 0*p - 5*i - 37. Let v(u) = -5*u + p + 9*u - 6*u. What is v(3)?
-3
Suppose -a + 5*i = -2, a = i + 2*i + 2. Let t(p) = -p - p**a + p**2 - 7*p**3. Suppose 53*l = 68*l + 15. Give t(l).
8
Let c(z) = -11*z. Let f(a) = 2*a. Let p(g) = -c(g) + 4*f(g). Determine p(2).
38
Let c(o) be the first derivative of -o**4/4 + 4*o**3 - o**2/2 - 12*o + 39. Determine c(12).
-24
Let t(i) = -2*i**2 + 27*i - 4. Let l(s) = 3*s**2 - 42*s + 6. Let q(k) = -5*l(k) - 8*t(k). Determine q(6).
2
Let t(m) = 6*m - 9*m**2 - 11 - 7*m - 6 + 19. Give t(2).
-36
Suppose 3*k + 9 = 5*q, -5*k + 9*q - 5 = 4*q. Let i be k/10 + 32/40. Let y(h) = 12*h - 1. Calculate y(i).
11
Suppose -2*f + 32 = -6*f + x, 2*x = f + 15. Let t(b) = -2*b + 9. Let i(c) = c. Let s(q) = -3*i(q) - t(q). Determine s(f).
-2
Suppose 5*v + 52 = 17. Let m = -2 - v. Let i(k) = 3*k - 2*k - 3 - m. What is i(5)?
-3
Let m(y) be the second derivative of -y**3/6 - 13*y**2/2 - 2*y - 163. Determine m(0).
-13
Suppose -7*w = -5*w - 14. Let c(b) = -b**3 + 7*b**2 + 2. Give c(w).
2
Let y(r) = 47*r - 144*r + 50*r - 12 + 46*r. Calculate y(-17).
5
Let c = -20 + 15. Let n(s) be the third derivative of s**7/1260 + s**6/90 + s**5/24 - s**4/12 + 9*s**2. Let k(j) be the second derivative of n(j). What is k(c)?
15
Let w(p) = p - 15. Let q be w(2). Let a(x) = -x**3 - 14*x**2 - 13*x - 10. Determine a(q).
-10
Let v(j) = -401 + 803 - j - 403. Give v(6).
-7
Let u(c) be the third derivative of -c**5/60 - 5*c**4/12 - 2*c**3/3 - 2*c**2 + 69. What is u(-8)?
12
Let i(g) = -g**3 - 10*g**2 + g + 7. Let c be i(-10). Let b be 2/(((-9)/(-3))/6). Let l(v) = -b + 2*v + v**3 + v - v**2 - v - 2*v**3. Calculate l(c).
8
Let y(f) = 5*f - 3. Let s = -49 + 52. Let r be 11/5 + 5/(-75)*s. What is y(r)?
7
Let u(c) = -c**3. Let i(w) = -3*w**3 - 5*w**2 - 3. Let p(n) = i(n) - 2*u(n). What is p(-5)?
-3
Let g(a) = -a**3 + a**2 - 5. Let f(w) = -3*w - 3*w - 31 + 7. Let u be f(-4). What is g(u)?
-5
Let f(d) = d**3 - 11*d**2 + 12*d - 11. Suppose -110 = 395*g - 406*g. Give f(g).
9
Suppose -10 = 6*k - 8*k. Suppose j + c = 2*c - 21, -k*j - 2*c - 112 = 0. Let s be (-2)/11 - 158/j. Let a(n) = -n**3 + 7*n**2 - 2*n + 9. Give a(s).
-5
Let s(l) = -19*l + l + 7*l - 11 + 12*l. What is s(8)?
-3
Suppose 0 = -3*l + 5*p - 10, 7*p - 15 = -4*l + 8*p. Let k(h) = h**2 - 4*h - 7. Determine k(l).
-2
Let p(a) = -10*a**3 - 2*a**2 + 2*a - 1. Let f(l) = -l**2 - 5*l + 15. Let i = 1 + -8. Let j be f(i). Calculate p(j).
-11
Let q(z) = -11*z**3 + 2*z**2 + 2*z + 1. Let c(x) = -32*x - 33*x - 15 + 66*x. Let t be c(14). Determine q(t).
12
Let j(i) = 5 + 12*i - 5*i + 2*i**2 - i**2. Let g be ((-8)/(-4))/((10/7)/(-5)). Give j(g).
5
Suppose 22 = -h + 16. Let q(j) = -3*j + 4*j - 2 + 0 - 2*j. What is q(h)?
4
Let d(l) be the second derivative of 7/2*l**2 - 1/12*l**4 + l**3 + 0 + 9*l. Give d(8).
-9
Let x(b) = 2*b + 3. Let a(i) = -5*i + 31. Let c be a(5). Let w be (-10)/35 - (-74)/14. Let g be (c/w)/2*5. Calculate x(g).
9
Let h(s) = -6*s. Let a(v) = -4*v + 15 - 3*v + 6*v. Let l be (24/(-5))/(213/(-710)). Let k be a(l). Calculate h(k).
6
Suppose -5*q = 4*x - 17, q + q = -5*x + 17. Let j be 4/(-14)*(-14)/q. Let w(h) be the third derivative of -h**5/60 + h**4/4 - h**3/2 + h**2. What is w(j)?
5
Let w(g) = 0*g**3 + 73*g - 75*g + 1 + g**3 - g**2 + 0*g**3. Determine w(2).
1
Let r(n) = -n**2 - 5*n. Let u = -377 - -371. What is r(u)?
-6
Let y(x) = -x - 1. Let h(t) = -t**2 - 10*t - 1. Let p(j) = h(j) - 3*y(j). Let z be p(-7). Let n(o) be the first derivative of 2*o**2 - 3*o + 3. Give n(z).
5
Let k(c) = -4*c**2 - 1 + 2 + 0. Suppose 14*b = 9*b + 25. Let j be -3*b/(-30)*2. Determine k(j).
-3
Suppose 5*f + 68 = 3*b - 25, -3*b - 15 = f. Let a(r) = -r**3 - 18*r**2 + r + 12. Calculate a(f).
-6
Let j(l) = -l + 2. Suppose -4*a + 18 = -3*r, 9 = 5*a - 0*a + 3*r. Let w be ((-2)/(-3))/(2/a). Give j(w).
1
Let v(d) be the third derivative of -d**4/24 - d**3/3 - 111*d**2. What is v(-1)?
-1
Let n(x) = -2*x + 1. Let p be 3 + 2 + -4 + -1. Suppose 5*w + 68 = -p*h + 4*h, -34 = -2*h + w. Suppose 5*l = -0*l - 2*r + h, 3*r = 2*l - 22. What is n(l)?
-9
Let o(r) = r**2 + 4*r. Let m(x) = -x**2 + 2*x**2 - 5*x - 11 - 2*x. Suppose 0*j + 3*j - 24 = 0. Let z be m(j). Calculate o(z).
-3
Let a(o) be the third derivative of o**5/30 - 19*o**4/24 + o**3/2 + 16*o**2 + 10. Give a(8).
-21
Let h(f) = -2*f**2 - 14*f - 8. Let w be h(-7). Let m(n) = -n**3 - 9*n**2 - 8*n - 2. Give m(w).
-2
Let p be (-6)/2 - (1 - -1). Let j(t) be the first derivative of -t**3/3 - 5*t**2/2 + 2*t + 50. Calculate j(p).
2
Suppose 0 = 4*b, 5*b + 5 = -3*c - 16. Let p(w) = w**3 + 6*w**2 - 3*w + 15. What is p(c)?
-13
Let l(a) = -a**3 - 2*a**2 + 8*a + 7. Let j be l(-4). Let i(m) = -13 - 10 - 3*m + j + 2*m. Determine i(-7).
-9
Suppose 0 = -3*j - 5*z - 8 + 1, 4*j - 4*z = -52. Let f be (-28)/(-8) - (1 + j/6). Let l(n) = 4*n + n + n - 5*n. What is l(f)?
4
Let r(n) = -2 - 19*n - 5 - 1 + 18*n. What is r(12)?
-20
Let h(s) = -3*s + 6. Suppose 7*o - 10 = 2*o. Let n be (-2)/